4
Suppose 4*q - 84 - 120 = 0. Suppose 0*y - 5*y - 2*g = -q, 4*g - 36 = -4*y. Calculate the greatest common divisor of y and 891.
11
Let w = -15868 + 18139. Calculate the highest common factor of 6 and w.
3
Suppose 0 = -x + c + 103, -5*c + 398 = 5*x - 97. Let l = 189 - x. Calculate the greatest common divisor of l and 22.
22
Let y = -117 - -172. Let n be (3 + 0)*4/12. Suppose 3*u + n = 4*x - 2*x, u - 3 = 0. What is the greatest common factor of y and x?
5
Suppose 82 = h - 168. Suppose -5*c + 22 = -y - 33, 6*y = -5*c + 20. What is the greatest common factor of h and c?
10
Let d = -2577 + 3032. Let h = 29 - -36. Calculate the highest common divisor of d and h.
65
Let u(n) = -3*n**2 - 48*n + 16. Let i be u(-14). Suppose i*b - 68 = 96*b. Let a = 100 + -49. What is the highest common factor of a and b?
17
Let l(d) = d**2 + 28*d + 155. Suppose -6*q = -9*q - 66. Let h be l(q). What is the greatest common divisor of 529 and h?
23
Let d be 2413/15 - 36/(-270). Let p = -97 - -104. What is the highest common factor of p and d?
7
Let t = 5 + 163. Suppose -t = p - 2*p + 2*y, -3*p + 4*y = -512. Let j be (1/3)/((-10)/(-660)). Calculate the highest common divisor of j and p.
22
Let f(d) = -44*d + 5 + 0*d**2 + d**2 - 1 + 46*d. Let a be f(-3). Let l = 13 - a. What is the greatest common factor of 3 and l?
3
Suppose 4*t + 3*s - 316 = 2*s, -2*t - 2*s = -164. Let l = t + -83. Let d = 49 - l. What is the highest common divisor of d and 54?
54
Suppose 2*x = -l + 8, 3*l - 22 - 2 = x. Suppose 11*v = l*v + 9. Suppose 98 = n + 3*n - w, 131 = 5*n + v*w. Calculate the greatest common factor of n and 175.
25
Suppose 5*r = -3*q + 6274, 0*r + 4*r - 5*q - 5034 = 0. What is the greatest common divisor of r and 24?
8
Let k(a) = 110*a - 707. Let l be k(7). Let q be (6 - 15/1)/((-1)/3). Calculate the greatest common factor of l and q.
9
Let f be 23595/15 - 2*6. Calculate the highest common divisor of f and 223.
223
Suppose -12 = 190*k - 192*k, -5*k = -2*t + 350. What is the greatest common divisor of t and 1930?
10
Let q(m) = 22*m**2 + 310*m + 1460. Let p be q(-5). What is the highest common factor of p and 1940?
20
Suppose -122*i + 9289 - 49 = -17*i. Let z = 56 - -10. Calculate the highest common factor of z and i.
22
Let m be (-1 + (-280)/12)/(2 + (-1302)/648). What is the highest common factor of 36 and m?
36
Suppose 97603 = 45*d - 138692. Calculate the highest common divisor of 59 and d.
59
Let b(u) = -2*u**2 - 105*u - 1084. Let q be b(-26). What is the highest common factor of q and 784?
98
Let l(h) be the first derivative of -5*h**2/2 - 19*h + 4. Let o be l(-4). Let x be (o - (-21)/6)*6. What is the highest common divisor of x and 135?
27
Let j(w) = w + 1. Let k(b) = -b - 23. Let z(n) = 2*j(n) + k(n). Let o be z(11). Let u be o/((-10)/(-75)*-3). What is the greatest common divisor of u and 225?
25
Let u be (1 - 1)/(1 + -2). Suppose -3*h = 3*x - x - 27, -4*x - h + 59 = u. Let g be 227 + -42*132/(-198). Calculate the highest common divisor of g and x.
15
Suppose -k + 85 = 5*n, 0 = 4*n - 12. Let y be (-5 - -2) + 6 + 2. Suppose 0 = -4*t - q + 26 + 18, 58 = y*t + 2*q. What is the greatest common divisor of k and t?
10
Let y be 16/40 + 68/5. Let t(l) = -30*l - 17. Let v be t(-8). Let x = 321 - v. Calculate the highest common factor of y and x.
14
Let m(p) be the third derivative of -203*p**4/24 + p**3 + 8*p**2 - 2*p. Let w be m(-1). Calculate the greatest common divisor of w and 38.
19
Suppose 1560 = 17*d - 973. What is the highest common divisor of 26969 and d?
149
Let r = 2010 - 1662. What is the highest common factor of 638 and r?
58
Suppose -5*q - 2*i = -244, -3*q + 90 = -2*i - 66. Let d be (-2094)/78 + 2/(-13). Let w = q + d. What is the highest common factor of 184 and w?
23
Suppose -134 = -4*z - 6. Let p be 13*(-2600)/(-32) + (-2)/8. Calculate the highest common divisor of z and p.
32
Let b = 10062 - 9999. Calculate the highest common factor of b and 11130.
21
Let n(c) = 38*c**2 + 40*c + 184. Let d be n(-11). Calculate the greatest common factor of 104 and d.
26
Suppose 0 = 4*j + q + 4*q - 216, 5*j = 5*q + 270. Suppose -10*o - 678 + 48 = 0. Let k = -45 - o. Calculate the highest common divisor of j and k.
18
Suppose 24 = 9*o - 30. Let f(l) = -l**3 + 8*l**2 - 6*l - 9. Let r be f(7). Let j be (-500)/(-30)*o*1 + r. What is the greatest common divisor of j and 28?
14
Let d(w) = 1370*w + 1260. Let k be d(10). What is the greatest common divisor of 272 and k?
272
Let g(x) = x**2 + 64*x + 150. Let a be g(-62). What is the highest common divisor of 2314 and a?
26
Suppose -1587600 = 119*b - 794*b. What is the highest common factor of b and 476?
28
Suppose -4*k = -5*k + 75. Let j = 102272 - 102242. What is the highest common factor of k and j?
15
Suppose -5196*k + 26416 + 5522 = -28692 + 8670. Let x(i) = -i + 300. Let d be x(0). What is the greatest common divisor of d and k?
10
Suppose -459 = -3*r - 111. Suppose -r = -8*g + 6*g - 2*k, 4*g + k = 247. Calculate the highest common divisor of 27 and g.
9
Suppose 2082 = -383*c + 387*c + 5*l, 5*c = 3*l + 2547. Calculate the greatest common factor of 1767 and c.
57
Suppose m - 16 - 17 = 0. Let i = 41479 + -41476. Calculate the highest common factor of m and i.
3
Suppose -5*j + 3593 - 948 = -5*w, 0 = 2*j - 3*w - 1057. Let m = j - 416. What is the highest common divisor of m and 513?
57
Suppose -5*b = 2*b - 273. Suppose 0 = -3*v + s + s + 829, -2*s = -v + 283. What is the highest common factor of v and b?
39
Suppose 3*q + 9*u - 7*u = 1153, q - 5*u - 373 = 0. Suppose -15*o + 1808 = q. Calculate the highest common divisor of 152 and o.
19
Suppose k = 2*k - 238. Let a = -3661 + 3695. Calculate the greatest common divisor of k and a.
34
Suppose -h - 2*h + 33 = 0. Suppose -25*s = -26*s - 789. Let x = -712 - s. What is the highest common factor of x and h?
11
Let u be (-690)/12*52*(-1)/(-50)*-5. Calculate the greatest common divisor of 368 and u.
23
Let b be (-24135)/(-18) - 5/(-10) - (-3)/(-9). Calculate the highest common factor of b and 27.
9
Let f(n) = -107*n - 1043. Let b be f(-19). Calculate the highest common divisor of 528 and b.
66
Let f = 228 - 122. Suppose q + f = 222. Calculate the greatest common factor of q and 29.
29
Suppose 44*u - 846 = -3*n + 45*u, 0 = -n + 4*u + 260. Calculate the highest common factor of 1917 and n.
71
Let c = 3607 - 3597. Calculate the highest common divisor of c and 310.
10
Let a(u) = 0*u**2 + 100*u - 106*u + u**2 - 24. Let z be a(12). Let w(y) = -4*y - 12. Let f be w(-9). Calculate the greatest common factor of z and f.
24
Let v(j) = 2*j + 20. Suppose -z + 12*z = -55. Let n be v(z). Suppose -5*i + n = 0, -2*i - 167 = -5*s - 3*i. Calculate the highest common factor of s and 22.
11
Let v be (-10)/(1 - 0)*-85. Let n(w) = -2347*w + 18826. Let c be n(8). Calculate the greatest common divisor of v and c.
50
Let j be 2*1*302*(-55)/(-110). Let d = -251 + j. What is the greatest common divisor of d and 102?
51
Let q(y) = -y + 4. Let j be q(0). Suppose -2*v = 5*r - 373, 5*v = v - j*r + 740. Let l = -24839 + 24862. What is the highest common factor of l and v?
23
Suppose 10*i = 11*i + 4*l - 69, i - 69 = 4*l. Calculate the highest common divisor of i and 23.
23
Suppose -4*z = 3*g - g - 80, 19 = z + g. Suppose 2*q - 47 = -a, -260*q = -254*q - 60. What is the highest common divisor of a and z?
3
Let c be 0/((-7)/((-21)/6)). Suppose 33*v - 191 - 40 = c. What is the highest common factor of v and 70?
7
Let j(b) = b**2 + 4*b - 13. Let m be j(-6). Let h be 48/(-3)*((-25)/(-20))/m. What is the highest common divisor of 380 and h?
20
Suppose -900 = -1047*r + 1029*r. Calculate the highest common factor of r and 9650.
50
Suppose -5*k - 6 = -k + s, -4*k + 3*s + 2 = 0. Let t be 24 + -21 - 6/k. Calculate the greatest common factor of 2 and t.
1
Suppose -3*p - 70 = 6*s - 8*s, 2*s = 5*p + 70. Suppose 5*i - 81 = -4*c + 52, i = -5*c + s. What is the highest common factor of 100 and i?
25
Let n(d) = -d**2 - 18*d + 643. Let i be n(15). What is the highest common factor of 1517 and i?
37
Suppose -x + 2819 = -285. Suppose -19*l - x = -23*l. Let o be (-2)/(-13) + l/26. What is the greatest common divisor of 6 and o?
6
Let r(h) = h**2 - 17*h + 5. Let y be r(17). Suppose 7*q = y*q - 8. Let m be q/(-6) + 266/6. What is the greatest common f